 - 3*u - 2. Let b be q(-2). Let r(z) = 9*z**2 - 7*z - 5. Is r(b) a composite number?
True
Let z = 803 + -478. Let d = 642 - z. Suppose -3*s = l - d, 3*s = l - 6*l + 1609. Is l a prime number?
False
Suppose -6 = l + 2*b, -9 = 5*l - 2*l + 3*b. Suppose -5*v + 4681 + 2929 = 5*k, l = 4*v. Is k a composite number?
True
Let u be (-4)/(-2 - 0) + 36/(-6). Is ((-1788)/18)/(u/6) prime?
True
Let o(q) = q**3 - 7*q**2 + 8*q - 6. Let l be o(6). Suppose -l*r + 7*r = 1. Is ((-400)/1 - r)/(-1) composite?
False
Suppose 0 = 5*a - 3 - 12. Suppose 8*v + 100 = a*v. Is 3/(-12) - 2425/v a prime number?
False
Let k(z) = 70*z - 1. Let d be k(-1). Let r be 1/(-4) + 1342/(-8). Let h = d - r. Is h a prime number?
True
Suppose 3*c - 3 = 3. Let u(n) = -2*n**2 + 3*n - 3. Let g be u(c). Is 191/1 + g + 5 prime?
True
Is (-359568)/(-40) + (-3)/15 prime?
False
Is ((-55)/(-55))/((-2)/(-22934)) a composite number?
False
Suppose -2*j = -3*m + 27, j + 4 = 5*m + 1. Let c be (-22)/(-6) - (-12)/j. Suppose 0 = -5*d + c*d + 226. Is d composite?
False
Suppose 0 = 9*f - 7*f - 10. Suppose -10 = -0*b - f*b. Is (0 - -2)*53/b a composite number?
False
Suppose 2*t + 34 - 410 = 0. Let b = t - 93. Is b a prime number?
False
Let d(v) be the second derivative of 3*v**5/20 - 5*v**4/12 + 5*v**3/3 - v**2 + 29*v. Is d(6) a prime number?
False
Suppose 25 = -5*m, -3*m + 22960 = 7*x - 2*x. Is x prime?
False
Suppose 0 = 2*g - 0*g + 12. Let f(m) = m + 8. Let l be f(g). Let o(h) = 21*h**3 - 2*h**2 - 3*h + 3. Is o(l) prime?
True
Suppose 122*w - 75*w - 1060649 = 0. Is w a prime number?
True
Suppose -3*i + 6 = -0. Let z be 363 - 0/((-8)/i). Suppose -2*j + z = -399. Is j composite?
True
Suppose 0 = 3*a + 2*u - 6*u - 23, 2*a + 3*u - 4 = 0. Suppose -3*k + 2*k = -a. Suppose 4*g + 499 = k*p, -5*g = p - 115 - 8. Is p composite?
False
Suppose 14436 + 18226 = 14*j. Is j a prime number?
True
Let i(d) = 2*d**2 - 10*d + 6. Let h be 4 + -4 + -19 + -1. Let b = h + 25. Is i(b) a prime number?
False
Let t(n) be the second derivative of -n**3/3 + 79*n**2 + 7*n. Is t(0) a composite number?
True
Let a = -3861 - -10498. Is a prime?
True
Suppose -2303 = -5*c + 1217. Suppose 2*z = 4*r - c, -5 = -2*z - 13. Suppose b + b = r. Is b a prime number?
False
Let k = 32 + -30. Let j = k + 0. Suppose 2*c + j*f - 580 = 0, -4*c - 3*f + 901 = -262. Is c composite?
False
Let u(r) = r**3 + r**2 - r + 15. Let z be u(0). Let h = -14 + z. Let y(b) = 52*b**2 + 2*b - 1. Is y(h) a prime number?
True
Suppose 3*f - 4*a = 13847, 5246 = 4*f - 3*a - 13226. Is f a composite number?
False
Is 10809/6 - (-26)/(-52) composite?
False
Is (2/(-3))/(11 - 4348834/395346) composite?
False
Let g = 2767 + -1292. Let u = -978 + g. Is u a composite number?
True
Suppose -21*l = -13*l - 116968. Is l composite?
False
Let p(t) = -t**3 + 2*t**2 + t + 1. Let o = -5 + 7. Let c be p(o). Suppose c*r = 6*r - 381. Is r a prime number?
True
Suppose -82*v + 274006 = -48*v. Is v a prime number?
True
Let z(r) = r**2 - r + 1. Let g(q) = 9*q**2 + 23. Let s(x) = g(x) - 4*z(x). Is s(6) a composite number?
False
Let k(c) = c**2 + 2*c - 4. Let z(d) = -12*d + 1. Let i be z(1). Let x be k(i). Let u = x - 60. Is u prime?
False
Is (2 + 7/(-14))/(6/17372) prime?
False
Let b(c) = c**3 + 2*c**2 - 1. Let z be b(1). Suppose -y - 170 = -z*o, 0*o - y = -o + 84. Let p = o - 49. Is p a prime number?
True
Let a(j) = -j**3 - 4*j**2 + 6*j - 7. Let f be a(-9). Let v be (2 - -1)/(6/328). Suppose -f = -4*h + v. Is h prime?
True
Let p(q) = -2*q**2 - 17 - 13*q - 1 - q**2 + 2. Let f be p(-8). Let k = 151 + f. Is k a composite number?
False
Suppose -5*n + 4382 = -m, -m - 2062 = -4*n + 1443. Is n a composite number?
False
Let a(i) = i**2 - i + 1. Let w(v) = v**2 + 18*v + 35. Let n(q) = 2*a(q) + w(q). Is n(-14) composite?
False
Let l = -382 - -675. Is l composite?
False
Suppose 0 = 10*g - g - 45. Let w be (0 + -1 + 1)*1. Suppose w*c - 115 = -g*c. Is c composite?
False
Suppose -107*n = -89*n - 337086. Is n composite?
True
Let d = 20747 + -11748. Is d a prime number?
True
Let y(m) = 2*m - 5 + 77*m**2 - m + m. Let g be y(4). Suppose 4*j + 23 - g = 0. Is j composite?
True
Let g(l) be the third derivative of 539*l**5/15 - l**4/24 - l**3/3 - 10*l**2. Is g(-1) prime?
False
Suppose 3*t - 11 - 1 = 0. Suppose t*n - 17 = 5*y, y - 31 = -2*n - 4*y. Let b(c) = 9*c - 3. Is b(n) a prime number?
False
Suppose 0 = -5*n + 10, p = -n + 2*n. Let w be ((-1468)/10)/((-2)/10). Suppose -2*s = -3*d - w, -s + 4*s = -p*d + 1101. Is s composite?
False
Suppose 1 = c + 2*v, 5*c + 4*v = 2 + 15. Let u be (-2)/(-10) - 1/c. Suppose 0 = x + 4*n - 331, u = -2*x - 2*x + 5*n + 1261. Is x a prime number?
False
Suppose k - 4 = 0, j + 2*k - k = 6. Suppose j*f = -3*u - 4, 0*u - u - 5*f = 10. Suppose -4*l + 3*c = -137, 4*c = -u*c + 4. Is l composite?
True
Let s = 2523 - 1411. Let t = s + -648. Suppose t + 524 = 4*q. Is q a composite number?
True
Let d(o) = -2*o + 10231. Is d(0) a composite number?
True
Let h be -3*((-12)/(-9) - 2). Let r be (5 - 3)*8*h. Suppose 0 = r*i - 36*i + 148. Is i composite?
False
Suppose -5*r + 0*r + 10 = 0. Suppose 931 - 169 = r*c. Suppose -c = -5*q + 84. Is q prime?
False
Suppose -f = -v + 5*v - 18, 2*f = -5*v + 39. Let j = f + -17. Let x(z) = 28*z**2 - 3*z + 9. Is x(j) prime?
False
Let h = 26 + -24. Suppose -4*p = -h*p. Suppose l + 2*u = -p*l + 89, 0 = u - 2. Is l prime?
False
Is 3/(-8)*-2 - (-705740)/560 a prime number?
False
Is 2/7*24171/3 prime?
False
Suppose 4*v = -0 + 8. Suppose -2*d = -2*s + 430, 2*s = -v*s - 4*d + 844. Is s a prime number?
False
Let h(u) = 7*u**2 - 2*u - 20. Is h(9) a prime number?
False
Let b(s) = -9*s**2 + 7*s + 33. Let y(k) = 11*k**2 - 8*k - 32. Let h(j) = 7*b(j) + 6*y(j). Is h(20) a prime number?
True
Let o be 24/(-4) + 3 + 3. Suppose 5*a - 4*d - 2431 = o, a - 3*d - 495 = -11. Is a prime?
True
Let x = 10 + 4. Is 8/x - (-17574)/42 a composite number?
False
Let y = -253 - -312. Is y prime?
True
Suppose x - 7 - 6 = -2*z, -3*z = 2*x - 22. Let u be 14/1 + 2 + -1. Suppose -786 = -x*n - 3*j, 0 = n - 2*j - u - 150. Is n composite?
True
Let m be 1042 + ((-3)/12 - 4/(-16)). Suppose -30*z + m = -28*z. Is z prime?
True
Let d = 8350 + -4393. Is d composite?
True
Let w(a) = -2*a + 7. Let l(c) = -3*c + 6. Let h(t) = 4*l(t) - 5*w(t). Let k be h(-8). Suppose 115 + 203 = 4*n + p, -5*p + 405 = k*n. Is n prime?
True
Suppose -5*p - 6*y + 16844 = -3*p, 3*y - 25266 = -3*p. Is p a composite number?
True
Let m(k) = 94*k + 487. Is m(48) prime?
True
Is (28/10)/((-18)/(-5715)) composite?
True
Let r(l) be the first derivative of -l**3/3 + 5*l**2 + 3*l - 4. Let u be r(11). Let d(i) = -26*i - 17. Is d(u) composite?
False
Let x(g) = -11*g**3 - 8*g**2 - 7*g - 7. Let t = 60 + -65. Is x(t) composite?
True
Let d(v) = 9*v**3 - 2*v**2 - 4*v + 10. Suppose c = 2*c - 3. Is d(c) a composite number?
False
Let k(a) = 22*a**3 + 4*a**2 - a - 3. Let x be k(2). Suppose -5*l + 632 = 3*s, -x = 4*s - 2*l - 1021. Is s prime?
False
Let q = -42 - -30. Let r = q - -14. Suppose g - 35 = -n, -2*n + r*g - 5*g + 68 = 0. Is n composite?
False
Let m be ((-30)/(-80))/((-2)/(-16)). Suppose 9 + 90 = m*t. Is t a prime number?
False
Let h be (2 + 75/(-9))*3. Suppose 7*d + 232 = 11*d. Let q = d + h. Is q a prime number?
False
Let x(n) be the first derivative of -2*n**3/3 + 2*n**2 + 17*n + 4. Let q(c) = 3*c**2 - 9*c - 34. Let s(g) = -4*q(g) - 7*x(g). Is s(-7) a prime number?
True
Let i = -3291 - -5900. Is i composite?
False
Let w = 12 - 9. Suppose 440 = t + w*t - 4*y, 3*y - 102 = -t. Suppose -t - 429 = -3*r. Is r a composite number?
False
Let h = 19 + -34. Let v(b) = b**3 + 22*b**2 + 23*b + 19. Is v(h) composite?
False
Let z(v) = 246*v - 3. Let s = 31 - 29. Is z(s) a prime number?
False
Let d(n) = -8*n + 19. Let c(p) = 33*p - 77. Let r(j) = -2*c(j) - 9*d(j). Is r(6) a composite number?
False
Let v(r) = 46*r**3 - 3*r**2 + 9*r - 1. Let k(f) = 31*f**3 - 2*f**2 + 6*f - 1. Let o(l) = -8*k(l) + 5*v(l). Let q be o(-3). Let z = 929 - q. Is z composite?
True
Suppose 4*h + 2*o = -o + 9320, 0 = 4*h - 5*o - 9352. Is h a prime number?
True
Let b(q) = -11820*q - 101. Is b(-1) composite?
False
Let i(a) = a**2 + 9*a - 3. Let n be i(8). Suppose 0*y + y - n = -4*f, 0 = -2*y + 4*f + 230. Is y a composite number?
True
Let l = 110032 - 71525. Is l a prime number?
False
Let q(g) = -3361*g -